{"id":1346,"date":"2024-10-31T06:48:15","date_gmt":"2024-10-31T05:48:15","guid":{"rendered":"https:\/\/recuadrate.com.ar\/?post_type=product&#038;p=1346"},"modified":"2024-10-31T06:50:40","modified_gmt":"2024-10-31T05:50:40","slug":"sirena-bajo-el-mar","status":"publish","type":"product","link":"https:\/\/recuadrate.com.ar\/?product=sirena-bajo-el-mar","title":{"rendered":"Sirena bajo el Mar"},"content":{"rendered":"","protected":false},"excerpt":{"rendered":"<p><strong>C\u00f3digo de producto 274 Sirena bajo el Mar<\/strong>. Cuadro en Tela Canvas con bastidor de madera natural, disponible en dos sustratos: algod\u00f3n, con textura suave y tramada que realza el acabado art\u00edstico y ofrece durabilidad, y poli\u00e9ster, con superficie lisa para colores vibrantes y alta calidad de impresi\u00f3n, siendo una opci\u00f3n moderna y accesible. El proceso de armado asegura un acabado tenso y profesional similar a un lienzo tradicional. Tama\u00f1os disponibles: 30 x 45 cm, 30 x 60 cm, 40 x 60 cm, 30 x 90 cm, 50 x 80 cm, 120 x 80 cm, y 80 x 80 cm.<\/p>\n","protected":false},"featured_media":1347,"template":"","meta":{"_et_pb_use_builder":"","_et_pb_old_content":"","_et_gb_content_width":""},"product_brand":[],"product_cat":[31,51,37,50,46],"product_tag":[],"class_list":{"0":"post-1346","1":"product","2":"type-product","3":"status-publish","4":"has-post-thumbnail","6":"product_cat-fotografias","7":"product_cat-lienzo-tela-canva-con-bastidor","8":"product_cat-naturaleza","9":"product_cat-oceanlife","10":"product_cat-todos","12":"first","13":"instock","14":"taxable","15":"shipping-taxable","16":"product-type-grouped"},"_links":{"self":[{"href":"https:\/\/recuadrate.com.ar\/index.php?rest_route=\/wp\/v2\/product\/1346","targetHints":{"allow":["GET"]}}],"collection":[{"href":"https:\/\/recuadrate.com.ar\/index.php?rest_route=\/wp\/v2\/product"}],"about":[{"href":"https:\/\/recuadrate.com.ar\/index.php?rest_route=\/wp\/v2\/types\/product"}],"wp:featuredmedia":[{"embeddable":true,"href":"https:\/\/recuadrate.com.ar\/index.php?rest_route=\/wp\/v2\/media\/1347"}],"wp:attachment":[{"href":"https:\/\/recuadrate.com.ar\/index.php?rest_route=%2Fwp%2Fv2%2Fmedia&parent=1346"}],"wp:term":[{"taxonomy":"product_brand","embeddable":true,"href":"https:\/\/recuadrate.com.ar\/index.php?rest_route=%2Fwp%2Fv2%2Fproduct_brand&post=1346"},{"taxonomy":"product_cat","embeddable":true,"href":"https:\/\/recuadrate.com.ar\/index.php?rest_route=%2Fwp%2Fv2%2Fproduct_cat&post=1346"},{"taxonomy":"product_tag","embeddable":true,"href":"https:\/\/recuadrate.com.ar\/index.php?rest_route=%2Fwp%2Fv2%2Fproduct_tag&post=1346"}],"curies":[{"name":"wp","href":"https:\/\/api.w.org\/{rel}","templated":true}]}}