{"id":588,"date":"2023-10-23T01:39:55","date_gmt":"2023-10-22T23:39:55","guid":{"rendered":"https:\/\/recuadrate.com.ar\/?post_type=product&#038;p=588"},"modified":"2023-10-31T04:25:37","modified_gmt":"2023-10-31T03:25:37","slug":"let-time-tell","status":"publish","type":"product","link":"https:\/\/recuadrate.com.ar\/?product=let-time-tell","title":{"rendered":"Let Time Tell"},"content":{"rendered":"","protected":false},"excerpt":{"rendered":"<p><strong>C\u00f3digo de producto 006\/12<\/strong>. Frase motivadora con fondo de suave tela, muy combinable con fotograf\u00edas personales y otros dise\u00f1os. Pod\u00e9s pedirlo personalizado, con el fondo del color que mejor se adapte a tu espacio. En este caso se presenta enmarcado en color negro, con passepartout blanco\u00a0y vidrio. Forma parte de la\u00a0<strong>Galer\u00eda de Pared Pacific Green<\/strong>.<\/p>\n","protected":false},"featured_media":458,"template":"","meta":{"_et_pb_use_builder":"","_et_pb_old_content":"","_et_gb_content_width":""},"product_brand":[],"product_cat":[32,46],"product_tag":[],"class_list":{"0":"post-588","1":"product","2":"type-product","3":"status-publish","4":"has-post-thumbnail","6":"product_cat-frases","7":"product_cat-todos","9":"first","10":"instock","11":"taxable","12":"shipping-taxable","13":"product-type-grouped"},"_links":{"self":[{"href":"https:\/\/recuadrate.com.ar\/index.php?rest_route=\/wp\/v2\/product\/588","targetHints":{"allow":["GET"]}}],"collection":[{"href":"https:\/\/recuadrate.com.ar\/index.php?rest_route=\/wp\/v2\/product"}],"about":[{"href":"https:\/\/recuadrate.com.ar\/index.php?rest_route=\/wp\/v2\/types\/product"}],"wp:featuredmedia":[{"embeddable":true,"href":"https:\/\/recuadrate.com.ar\/index.php?rest_route=\/wp\/v2\/media\/458"}],"wp:attachment":[{"href":"https:\/\/recuadrate.com.ar\/index.php?rest_route=%2Fwp%2Fv2%2Fmedia&parent=588"}],"wp:term":[{"taxonomy":"product_brand","embeddable":true,"href":"https:\/\/recuadrate.com.ar\/index.php?rest_route=%2Fwp%2Fv2%2Fproduct_brand&post=588"},{"taxonomy":"product_cat","embeddable":true,"href":"https:\/\/recuadrate.com.ar\/index.php?rest_route=%2Fwp%2Fv2%2Fproduct_cat&post=588"},{"taxonomy":"product_tag","embeddable":true,"href":"https:\/\/recuadrate.com.ar\/index.php?rest_route=%2Fwp%2Fv2%2Fproduct_tag&post=588"}],"curies":[{"name":"wp","href":"https:\/\/api.w.org\/{rel}","templated":true}]}}