{"id":692,"date":"2023-10-23T03:44:05","date_gmt":"2023-10-23T01:44:05","guid":{"rendered":"https:\/\/recuadrate.com.ar\/?post_type=product&#038;p=692"},"modified":"2023-10-23T21:45:23","modified_gmt":"2023-10-23T19:45:23","slug":"galeria-de-pared-personalizada","status":"publish","type":"product","link":"https:\/\/recuadrate.com.ar\/?product=galeria-de-pared-personalizada","title":{"rendered":"Galer\u00eda de Pared Personalizada"},"content":{"rendered":"","protected":false},"excerpt":{"rendered":"<p><strong>C\u00f3digo de Producto 167 &#8211; Galer\u00eda de Pared<\/strong>\u00a0<strong>Personalizada.<\/strong>\u00a0Pod\u00e9s armar tu propia Galer\u00eda de Pared con fotos familiares y\u00a0personales e inclusive combinarlas\u00a0con algunas de nuestras l\u00e1minas. Ponete en contacto para enviar tus fotos y nosotros nos encargamos del resto. Conjunto de 10 cuadros enmarcados en color negro y vidrio. Tama\u00f1os: 10 cuadros de 20 x 30 cm.<\/p>\n","protected":false},"featured_media":693,"template":"","meta":{"_et_pb_use_builder":"","_et_pb_old_content":"","_et_gb_content_width":""},"product_brand":[],"product_cat":[33,47,46],"product_tag":[],"class_list":{"0":"post-692","1":"product","2":"type-product","3":"status-publish","4":"has-post-thumbnail","6":"product_cat-galerias-de-pared-multiples","7":"product_cat-personalizados","8":"product_cat-todos","10":"first","11":"instock","12":"taxable","13":"shipping-taxable","14":"product-type-grouped"},"_links":{"self":[{"href":"https:\/\/recuadrate.com.ar\/index.php?rest_route=\/wp\/v2\/product\/692","targetHints":{"allow":["GET"]}}],"collection":[{"href":"https:\/\/recuadrate.com.ar\/index.php?rest_route=\/wp\/v2\/product"}],"about":[{"href":"https:\/\/recuadrate.com.ar\/index.php?rest_route=\/wp\/v2\/types\/product"}],"wp:featuredmedia":[{"embeddable":true,"href":"https:\/\/recuadrate.com.ar\/index.php?rest_route=\/wp\/v2\/media\/693"}],"wp:attachment":[{"href":"https:\/\/recuadrate.com.ar\/index.php?rest_route=%2Fwp%2Fv2%2Fmedia&parent=692"}],"wp:term":[{"taxonomy":"product_brand","embeddable":true,"href":"https:\/\/recuadrate.com.ar\/index.php?rest_route=%2Fwp%2Fv2%2Fproduct_brand&post=692"},{"taxonomy":"product_cat","embeddable":true,"href":"https:\/\/recuadrate.com.ar\/index.php?rest_route=%2Fwp%2Fv2%2Fproduct_cat&post=692"},{"taxonomy":"product_tag","embeddable":true,"href":"https:\/\/recuadrate.com.ar\/index.php?rest_route=%2Fwp%2Fv2%2Fproduct_tag&post=692"}],"curies":[{"name":"wp","href":"https:\/\/api.w.org\/{rel}","templated":true}]}}